ommon factor of 55 and 110?
55
Calculate the highest common factor of 138 and 6.
6
Calculate the greatest common divisor of 14 and 658.
14
Calculate the highest common divisor of 12525 and 75.
75
Calculate the highest common factor of 80 and 48.
16
Calculate the greatest common factor of 297 and 12276.
99
What is the highest common factor of 65 and 10933?
13
What is the greatest common divisor of 2 and 3?
1
Calculate the greatest common divisor of 17 and 3961.
17
What is the greatest common divisor of 3763 and 355?
71
Calculate the greatest common factor of 450 and 1530.
90
What is the highest common divisor of 52 and 25246?
26
What is the greatest common factor of 3820 and 40?
20
What is the highest common divisor of 59 and 767?
59
Calculate the highest common factor of 1340 and 100.
20
Calculate the greatest common factor of 20 and 640.
20
What is the greatest common factor of 1703 and 655?
131
What is the greatest common divisor of 18 and 4?
2
Calculate the highest common factor of 7334 and 266.
38
Calculate the greatest common divisor of 880 and 65.
5
Calculate the highest common factor of 26024 and 8.
8
What is the highest common divisor of 5940 and 891?
297
Calculate the highest common factor of 656 and 432.
16
Calculate the greatest common divisor of 12 and 348.
12
What is the greatest common factor of 2 and 262?
2
What is the greatest common divisor of 783 and 27?
27
What is the highest common divisor of 130 and 50?
10
What is the highest common divisor of 875 and 14?
7
Calculate the highest common divisor of 6 and 2922.
6
Calculate the greatest common factor of 116 and 16.
4
What is the greatest common factor of 27 and 123?
3
What is the highest common divisor of 200 and 76?
4
Calculate the greatest common factor of 24 and 152.
8
Calculate the greatest common divisor of 13875 and 222.
111
What is the greatest common divisor of 780 and 3?
3
Calculate the greatest common divisor of 480 and 300.
60
What is the highest common factor of 808 and 8?
8
Calculate the highest common factor of 204 and 153.
51
Calculate the greatest common divisor of 18092 and 8.
4
What is the highest common divisor of 455 and 65?
65
Calculate the greatest common divisor of 1360 and 170.
170
Calculate the highest common divisor of 48 and 1854.
6
Calculate the highest common factor of 14972 and 76.
76
Calculate the greatest common divisor of 86 and 645.
43
Calculate the greatest common divisor of 1130 and 20.
10
What is the greatest common divisor of 34 and 1394?
34
Calculate the greatest common divisor of 34 and 408.
34
Calculate the greatest common divisor of 195 and 104.
13
Calculate the greatest common factor of 24915 and 495.
165
Calculate the highest common factor of 252 and 3168.
36
What is the highest common factor of 45 and 5?
5
Calculate the highest common factor of 54 and 72.
18
Calculate the highest common factor of 780 and 1638.
78
Calculate the highest common factor of 6 and 8.
2
Calculate the highest common factor of 57 and 4351.
19
What is the greatest common factor of 477 and 9?
9
What is the highest common divisor of 1680 and 96?
48
What is the highest common divisor of 11075 and 25?
25
What is the greatest common factor of 96 and 84?
12
What is the highest common factor of 1196 and 2132?
52
Calculate the greatest common factor of 51883 and 169.
169
What is the highest common factor of 13 and 2288?
13
What is the greatest common divisor of 143 and 572?
143
What is the greatest common divisor of 130 and 1625?
65
What is the greatest common divisor of 24 and 72?
24
What is the highest common factor of 44 and 266?
2
What is the highest common divisor of 20640 and 300?
60
Calculate the highest common divisor of 67 and 3551.
67
Calculate the greatest common factor of 7130 and 460.
230
What is the greatest common factor of 9165 and 45?
15
Calculate the highest common factor of 10 and 4610.
10
Calculate the highest common divisor of 398 and 62.
2
Calculate the highest common factor of 99 and 459.
9
Calculate the greatest common divisor of 387 and 172.
43
Calculate the highest common factor of 6 and 42.
6
Calculate the highest common divisor of 42 and 1218.
42
What is the highest common divisor of 272 and 612?
68
Calculate the greatest common divisor of 99 and 3.
3
What is the highest common divisor of 56 and 14?
14
Calculate the greatest common factor of 628 and 4.
4
Calculate the highest common divisor of 194 and 873.
97
What is the greatest common divisor of 1148 and 8?
4
Calculate the greatest common divisor of 144 and 10.
2
What is the greatest common factor of 5016 and 44?
44
Calculate the highest common divisor of 54 and 14.
2
Calculate the greatest common factor of 300 and 540.
60
Calculate the highest common divisor of 100 and 425.
25
What is the highest common factor of 415 and 65?
5
What is the highest common divisor of 8544 and 672?
96
Calculate the greatest common divisor of 623 and 15753.
89
Calculate the highest common divisor of 56 and 616.
56
What is the highest common divisor of 300 and 1020?
60
Calculate the highest common factor of 156 and 48.
12
Calculate the highest common divisor of 44 and 242.
22
Calculate the greatest common factor of 10 and 20170.
10
What is the highest common factor of 558 and 3038?
62
What is the greatest common divisor of 32 and 6?
2
Calculate the greatest common divisor of 269 and 5111.
269
Calculate the greatest common factor of 13 and 5993.
13
Calculate the highest common divisor of 1376 and 86.
86
What is the greatest common divisor of 378 and 108?
54
What is the greatest common divisor of 20169 and 324?
81
What is the greatest common divisor of 42 and 8022?
42
Calculate the highest common divisor of 6 and 15.
3
Calculate the highest common factor of 10 and 11230.
10
What is the greatest common divisor of 112 and 63?
7
What is the greatest common divisor of 3638 and 2?
2
What is the highest common divisor of 3192 and 784?
56
What is the highest common factor of 69 and 15?
3
Calculate the highest common factor of 22 and 2420.
22
Calculate the highest common factor of 290 and 20.
10
What is the greatest common divisor of 42 and 1722?
42
What is the highest common factor of 6275 and 3514?
251
What is the highest common factor of 204 and 24?
12
Calculate the highest common divisor of 350 and 850.
50
What is the highest common factor of 15 and 885?
15
Calculate the greatest common factor of 301 and 3827.
43
Calculate the highest common divisor of 20 and 28940.
20
Calculate the greatest common divisor of 171 and 198.
9
Calculate the highest common divisor of 21472 and 1056.
352
What is the greatest common factor of 29 and 203?
29
Calculate the highest common factor of 13 and 293.
1
Calculate the greatest common factor of 550 and 75.
25
Calculate the greatest common factor of 160 and 580.
20
Calculate the highest common factor of 7436 and 44.
44
Calculate the greatest common divisor of 1519 and 62.
31
Calculate the highest common factor of 735 and 490.
245
What is the highest common factor of 10 and 270?
10
Calculate the highest common factor of 12 and 30.
6
What is the highest common divisor of 59 and 8614?
59
What is the highest common factor of 37 and 34114?
37
Calculate the highest common divisor of 3 and 102.
3
What is the highest common divisor of 159 and 265?
53
What is the greatest common divisor of 1200 and 48?
48
What is the greatest common divisor of 2508 and 12?
12
Calculate the highest common factor of 2 and 1.
1
Calculate the greatest common factor of 2 and 463.
1
What is the greatest common divisor of 42 and 399?
21
What is the greatest common factor of 2315 and 5?
5
What is the highest common divisor of 22 and 1342?
22
What is the highest common divisor of 903 and 86?
43
What is the highest common divisor of 49 and 399?
7
Calculate the greatest common factor of 17 and 1479.
17
Calculate the highest common divisor of 16 and 38.
2
Calculate the highest common divisor of 28 and 52.
4
Calculate the greatest common factor of 182 and 42.
14
Calculate the highest common factor of 135 and 69.
3
What is the highest common divisor of 169 and 104?
13
Calculate the greatest common factor of 10572 and 12.
12
What is the highest common factor of 230 and 10?
10
Calculate the highest common factor of 28 and